y 65?
6
Calculate the remainder when 3769 is divided by 51.
46
Calculate the remainder when 3064 is divided by 509.
10
What is the remainder when 327 is divided by 10?
7
What is the remainder when 460 is divided by 19?
4
Calculate the remainder when 386 is divided by 13.
9
Calculate the remainder when 212 is divided by 54.
50
What is the remainder when 2064 is divided by 681?
21
Calculate the remainder when 1255 is divided by 207.
13
Calculate the remainder when 1339 is divided by 61.
58
What is the remainder when 194 is divided by 96?
2
Calculate the remainder when 751 is divided by 29.
26
Calculate the remainder when 3706 is divided by 1843.
20
What is the remainder when 2608 is divided by 90?
88
Calculate the remainder when 362 is divided by 142.
78
What is the remainder when 657 is divided by 36?
9
Calculate the remainder when 824 is divided by 29.
12
Calculate the remainder when 255 is divided by 94.
67
Calculate the remainder when 184 is divided by 97.
87
What is the remainder when 2623 is divided by 2?
1
Calculate the remainder when 2072 is divided by 515.
12
What is the remainder when 47794 is divided by 121?
120
Calculate the remainder when 2243 is divided by 12.
11
Calculate the remainder when 101 is divided by 21.
17
Calculate the remainder when 49 is divided by 29.
20
Calculate the remainder when 12974 is divided by 55.
49
Calculate the remainder when 503 is divided by 85.
78
What is the remainder when 3027 is divided by 999?
30
What is the remainder when 4173 is divided by 17?
8
Calculate the remainder when 158 is divided by 27.
23
Calculate the remainder when 277 is divided by 14.
11
Calculate the remainder when 480 is divided by 37.
36
What is the remainder when 58 is divided by 9?
4
What is the remainder when 424 is divided by 7?
4
What is the remainder when 2926 is divided by 147?
133
What is the remainder when 12 is divided by 8?
4
Calculate the remainder when 960 is divided by 315.
15
Calculate the remainder when 1167 is divided by 90.
87
Calculate the remainder when 1431 is divided by 207.
189
What is the remainder when 1746 is divided by 53?
50
Calculate the remainder when 188 is divided by 53.
29
Calculate the remainder when 1372 is divided by 177.
133
What is the remainder when 5515 is divided by 2756?
3
Calculate the remainder when 148 is divided by 38.
34
Calculate the remainder when 104 is divided by 38.
28
Calculate the remainder when 29 is divided by 25.
4
Calculate the remainder when 277 is divided by 89.
10
Calculate the remainder when 95 is divided by 28.
11
What is the remainder when 952 is divided by 316?
4
What is the remainder when 34 is divided by 4?
2
What is the remainder when 167 is divided by 26?
11
What is the remainder when 76 is divided by 12?
4
What is the remainder when 314 is divided by 16?
10
What is the remainder when 38 is divided by 8?
6
Calculate the remainder when 524 is divided by 12.
8
Calculate the remainder when 45 is divided by 8.
5
What is the remainder when 2841 is divided by 114?
105
What is the remainder when 499 is divided by 63?
58
Calculate the remainder when 94 is divided by 17.
9
Calculate the remainder when 50 is divided by 13.
11
What is the remainder when 30 is divided by 15?
0
What is the remainder when 1566 is divided by 22?
4
What is the remainder when 47 is divided by 6?
5
Calculate the remainder when 60 is divided by 18.
6
What is the remainder when 69 is divided by 2?
1
What is the remainder when 60 is divided by 23?
14
What is the remainder when 743 is divided by 17?
12
Calculate the remainder when 16305 is divided by 62.
61
What is the remainder when 171 is divided by 64?
43
Calculate the remainder when 7370 is divided by 73.
70
Calculate the remainder when 540 is divided by 265.
10
Calculate the remainder when 20382 is divided by 182.
180
What is the remainder when 170 is divided by 62?
46
Calculate the remainder when 1375 is divided by 15.
10
Calculate the remainder when 851 is divided by 215.
206
Calculate the remainder when 106 is divided by 87.
19
Calculate the remainder when 188 is divided by 66.
56
What is the remainder when 35 is divided by 13?
9
What is the remainder when 444 is divided by 10?
4
What is the remainder when 155 is divided by 89?
66
What is the remainder when 1426 is divided by 53?
48
Calculate the remainder when 4318 is divided by 40.
38
Calculate the remainder when 37158 is divided by 10.
8
Calculate the remainder when 40 is divided by 40.
0
What is the remainder when 70 is divided by 29?
12
What is the remainder when 13668 is divided by 63?
60
Calculate the remainder when 192 is divided by 18.
12
Calculate the remainder when 11 is divided by 7.
4
Calculate the remainder when 4354 is divided by 198.
196
What is the remainder when 90 is divided by 19?
14
What is the remainder when 507 is divided by 103?
95
What is the remainder when 65 is divided by 64?
1
Calculate the remainder when 101 is divided by 54.
47
Calculate the remainder when 25 is divided by 19.
6
What is the remainder when 1119 is divided by 13?
1
What is the remainder when 112 is divided by 39?
34
Calculate the remainder when 494 is divided by 113.
42
What is the remainder when 254 is divided by 20?
14
Calculate the remainder when 220 is divided by 15.
10
Calculate the remainder when 678 is divided by 98.
90
What is the remainder when 162 is divided by 50?
12
What is the remainder when 1630 is divided by 334?
294
Calculate the remainder when 224 is divided by 46.
40
What is the remainder when 3006 is divided by 6?
0
What is the remainder when 1287 is divided by 30?
27
Calculate the remainder when 16564 is divided by 10.
4
Calculate the remainder when 297 is divided by 10.
7
What is the remainder when 351 is divided by 88?
87
Calculate the remainder when 1429 is divided by 26.
25
What is the remainder when 4016 is divided by 1999?
18
What is the remainder when 989 is divided by 124?
121
Calculate the remainder when 1333 is divided by 1323.
10
Calculate the remainder when 511 is divided by 41.
19
What is the remainder when 4419 is divided by 1472?
3
What is the remainder when 20381 is divided by 91?
88
What is the remainder when 4098 is divided by 164?
162
Calculate the remainder when 144 is divided by 88.
56
What is the remainder when 1254 is divided by 69?
12
What is the remainder when 135 is divided by 20?
15
Calculate the remainder when 1377 is divided by 114.
9
What is the remainder when 53 is divided by 16?
5
Calculate the remainder when 253 is divided by 24.
13
Calculate the remainder when 423 is divided by 53.
52
Calculate the remainder when 38 is divided by 37.
1
What is the remainder when 2361 is divided by 14?
9
Calculate the remainder when 709 is divided by 224.
37
What is the remainder when 139 is divided by 11?
7
Calculate the remainder when 129 is divided by 23.
14
What is the remainder when 474 is divided by 82?
64
Calculate the remainder when 1958 is divided by 1.
0
What is the remainder when 52 is divided by 23?
6
What is the remainder when 291 is divided by 200?
91
Calculate the remainder when 128 is divided by 37.
17
Calculate the remainder when 829 is divided by 26.
23
What is the remainder when 104 is divided by 12?
8
Calculate the remainder when 292 is divided by 81.
49
Calculate the remainder when 328 is divided by 15.
13
What is the remainder when 1598 is divided by 177?
5
What is the remainder when 5641 is divided by 2819?
3
Calculate the remainder when 56210 is divided by 46.
44
What is the remainder when 705 is divided by 142?
137
What is the remainder when 68 is divided by 6?
2
Calculate the remainder when 324 is divided by 81.
0
Calculate the remainder when 1212 is divided by 76.
72
What is the remainder when 790 is divided by 193?
18
Calculate the remainder when 598 is divided by 242.
114
What is the remainder when 105 is divided by 36?
33
What is the remainder when 3687 is divided by 18?
15
Calculate the remainder when 314 is divided by 15.
14
What is the remainder when 295 is divided by 144?
7
Calculate the remainder when 1713 is divided by 11.
8
What is the remainder when 209 is divided by 54?
47
What is the remainder when 354 is divided by 151?
52
What is the remainder when 173 is divided by 166?
7
Calculate the remainder when 1517 is divided 